{"id":1734,"date":"2024-09-24T19:09:35","date_gmt":"2024-09-24T17:09:35","guid":{"rendered":"http:\/\/hexanas-welt.com\/?page_id=1734"},"modified":"2024-09-27T16:53:08","modified_gmt":"2024-09-27T14:53:08","slug":"graf-von-dovers-blutrache","status":"publish","type":"page","link":"http:\/\/hexanas-welt.com\/?page_id=1734","title":{"rendered":"Graf von Dovers Blutrache"},"content":{"rendered":"<p><img loading=\"lazy\" decoding=\"async\" class=\"alignnone wp-image-1735\" src=\"http:\/\/hexanas-welt.com\/wp-content\/uploads\/2024\/09\/comp_71lGE7hjvL._AC_UF10001000_QL80_.jpg\" alt=\"\" width=\"355\" height=\"504\" srcset=\"http:\/\/hexanas-welt.com\/wp-content\/uploads\/2024\/09\/comp_71lGE7hjvL._AC_UF10001000_QL80_.jpg 564w, http:\/\/hexanas-welt.com\/wp-content\/uploads\/2024\/09\/comp_71lGE7hjvL._AC_UF10001000_QL80_-212x300.jpg 212w\" sizes=\"(max-width: 355px) 100vw, 355px\" \/><\/p>\n<p><a href=\"https:\/\/www.amazon.de\/Graf-von-Dovers-Blutrache-Buchreihe\/dp\/3752848561\/ref=sr_1_1?__mk_de_DE=%C3%85M%C3%85%C5%BD%C3%95%C3%91&amp;crid=IITYE813TR4I&amp;dib=eyJ2IjoiMSJ9.AwzBQ1ENAyZ0J1b6xjvSdIxxFpYcgHmxSR03jsMgZ90Y9197xzKC9xBqKEl9eR7UB9fEZyI-v0T8kxfGsZcMWUTKEKlbj_tbB3z087jh9BvWcGjQ9nggPrJwSG-yxOzDVH4c0fpC8NluRz3DuN7clird5dJ8A14PJLemOXXzjwfhbI3EYZ2yEpVy0t5__hxnY282T9gXETgaHsFP4zkirwK6PbFQP3HCWps1csoZBh4.rB1xay_NXW2Vd_DfEmERnExur929UYY1GRVsx8eB3Sg&amp;dib_tag=se&amp;keywords=Graf+von+Dover&amp;qid=1727197464&amp;sprefix=graf+von+dover%2Caps%2C105&amp;sr=8-1\" target=\"_blank\" rel=\"noopener\">Hier gehts direkt zur Amazon Seite<\/a><\/p>\n<hr>\n<p><span style=\"font-size: 11pt;\"><em>Der Kaufmannssohn und Tunichtgut Victor Weisborn aus dem 18. Jahrhundert genie\u00dft sein Leben in vollen Z\u00fcgen. Lieber treibt er sich herum als seinem Vater bei den Gesch\u00e4ften zu unterst\u00fctzen. Erst als seine Schwester Jessica durch Graf von Dover in Gefahr ger\u00e4t, schreitet er ein und verhindert ihre Verwandlung zum Vampir. Wut sch\u00e4umend schw\u00f6rt der grausame Vampirgraf Blutrache an allen Weisborns. Sofort entfacht ein Kampf auf Leben und Tod zwischen den beiden unterschiedlichen Kontrahenten. &#8211; Hat der J\u00fcngling \u00fcberhaupt eine Chance gegen den m\u00e4chtigen Vampir zu bestehen? Oder scheitert er bei der Rettung seiner beiden j\u00fcngeren Schwestern? Dies ist der erste Teil der &#8222;Graf von Dover&#8220; &#8211; Buchreihe, welche in die Vergangenheit entf\u00fchrt. Dabei handelt es sich um die Vorgeschichte zum Theaterst\u00fcck &#8222;Vampire gibt es nicht &#8211; oder doch?<\/em><\/span><\/p>\n<hr>\n<p>&nbsp;<\/p>\n","protected":false},"excerpt":{"rendered":"<p>Hier gehts direkt zur Amazon Seite Der Kaufmannssohn und Tunichtgut Victor Weisborn aus dem 18. Jahrhundert genie\u00dft sein Leben in vollen Z\u00fcgen. Lieber treibt er sich herum als seinem Vater bei den Gesch\u00e4ften zu unterst\u00fctzen. Erst als seine Schwester Jessica durch Graf von Dover in Gefahr ger\u00e4t, schreitet er ein und verhindert ihre Verwandlung zum [&hellip;]<\/p>\n","protected":false},"author":1,"featured_media":0,"parent":0,"menu_order":0,"comment_status":"closed","ping_status":"closed","template":"","meta":{"ngg_post_thumbnail":0,"footnotes":""},"class_list":["post-1734","page","type-page","status-publish","hentry"],"_links":{"self":[{"href":"http:\/\/hexanas-welt.com\/index.php?rest_route=\/wp\/v2\/pages\/1734"}],"collection":[{"href":"http:\/\/hexanas-welt.com\/index.php?rest_route=\/wp\/v2\/pages"}],"about":[{"href":"http:\/\/hexanas-welt.com\/index.php?rest_route=\/wp\/v2\/types\/page"}],"author":[{"embeddable":true,"href":"http:\/\/hexanas-welt.com\/index.php?rest_route=\/wp\/v2\/users\/1"}],"replies":[{"embeddable":true,"href":"http:\/\/hexanas-welt.com\/index.php?rest_route=%2Fwp%2Fv2%2Fcomments&post=1734"}],"version-history":[{"count":2,"href":"http:\/\/hexanas-welt.com\/index.php?rest_route=\/wp\/v2\/pages\/1734\/revisions"}],"predecessor-version":[{"id":1762,"href":"http:\/\/hexanas-welt.com\/index.php?rest_route=\/wp\/v2\/pages\/1734\/revisions\/1762"}],"wp:attachment":[{"href":"http:\/\/hexanas-welt.com\/index.php?rest_route=%2Fwp%2Fv2%2Fmedia&parent=1734"}],"curies":[{"name":"wp","href":"https:\/\/api.w.org\/{rel}","templated":true}]}}